{"id":219,"date":"2022-09-13T14:32:22","date_gmt":"2022-09-13T12:32:22","guid":{"rendered":"http:\/\/univers-bois.ch\/?page_id=219"},"modified":"2025-11-24T15:04:45","modified_gmt":"2025-11-24T14:04:45","slug":"lequipe","status":"publish","type":"page","link":"https:\/\/univers-bois.ch\/index.php\/lequipe\/","title":{"rendered":"L&rsquo;\u00e9quipe"},"content":{"rendered":"<p>[et_pb_section fb_built=\u00a0\u00bb1&Prime; _builder_version=\u00a0\u00bb4.19.0&Prime; _module_preset=\u00a0\u00bbdefault\u00a0\u00bb animation_style=\u00a0\u00bbzoom\u00a0\u00bb global_colors_info=\u00a0\u00bb{}\u00a0\u00bb][et_pb_row _builder_version=\u00a0\u00bb4.19.0&Prime; _module_preset=\u00a0\u00bbdefault\u00a0\u00bb module_alignment=\u00a0\u00bbcenter\u00a0\u00bb global_colors_info=\u00a0\u00bb{}\u00a0\u00bb][et_pb_column type=\u00a0\u00bb4_4&Prime; _builder_version=\u00a0\u00bb4.19.0&Prime; _module_preset=\u00a0\u00bbdefault\u00a0\u00bb global_colors_info=\u00a0\u00bb{}\u00a0\u00bb][et_pb_text _builder_version=\u00a0\u00bb4.19.0&Prime; _module_preset=\u00a0\u00bbdefault\u00a0\u00bb global_colors_info=\u00a0\u00bb{}\u00a0\u00bb]<\/p>\n<h1><strong>L&rsquo;\u00e9quipe Univers bois S\u00e0rl<\/strong><\/h1>\n<p>[\/et_pb_text][\/et_pb_column][\/et_pb_row][et_pb_row _builder_version=\u00a0\u00bb4.19.0&Prime; _module_preset=\u00a0\u00bbdefault\u00a0\u00bb min_height=\u00a0\u00bb22px\u00a0\u00bb custom_margin=\u00a0\u00bb-20px|auto||auto||\u00a0\u00bb global_colors_info=\u00a0\u00bb{}\u00a0\u00bb][et_pb_column type=\u00a0\u00bb4_4&Prime; _builder_version=\u00a0\u00bb4.19.0&Prime; _module_preset=\u00a0\u00bbdefault\u00a0\u00bb global_colors_info=\u00a0\u00bb{}\u00a0\u00bb][et_pb_text _builder_version=\u00a0\u00bb4.27.4&Prime; _module_preset=\u00a0\u00bbdefault\u00a0\u00bb border_width_bottom=\u00a0\u00bb1px\u00a0\u00bb global_colors_info=\u00a0\u00bb{}\u00a0\u00bb]<\/p>\n<h3><strong>Notre \u00e9quipe de charpentier :<\/strong><\/h3>\n<p>[\/et_pb_text][\/et_pb_column][\/et_pb_row][et_pb_row column_structure=\u00a0\u00bb1_4,1_4,1_4,1_4&Prime; _builder_version=\u00a0\u00bb4.18.0&Prime; _module_preset=\u00a0\u00bbdefault\u00a0\u00bb min_height=\u00a0\u00bb485px\u00a0\u00bb global_colors_info=\u00a0\u00bb{}\u00a0\u00bb][et_pb_column type=\u00a0\u00bb1_4&Prime; _builder_version=\u00a0\u00bb4.18.0&Prime; _module_preset=\u00a0\u00bbdefault\u00a0\u00bb global_colors_info=\u00a0\u00bb{}\u00a0\u00bb][et_pb_team_member name=\u00a0\u00bbMarc Humbert-Droz\u00a0\u00bb position=\u00a0\u00bbDirecteur\/Charpentier CFC\u00a0\u00bb _builder_version=\u00a0\u00bb4.27.4&Prime; _module_preset=\u00a0\u00bbdefault\u00a0\u00bb hover_enabled=\u00a0\u00bb0&Prime; global_colors_info=\u00a0\u00bb{}\u00a0\u00bb sticky_enabled=\u00a0\u00bb0&Prime;]<\/p>\n<p style=\"text-align: justify;\">Marc a d\u00e9but\u00e9 sa carri\u00e8re comme charpentier CFC en 2004 puis il a rapidement gravi les \u00e9chelons jusqu\u2019\u00e0 \u00eatre Chef d\u2019\u00e9quipe dipl\u00f4m\u00e9 en 2020. Ne s&rsquo;arr\u00eatant pas en si bon chemin, <strong>Univers bois<\/strong> a vu le jour\u00a0 le 1er avril 2022 sous sa direction tout en continuant les \u00e9tudes. Il a obtenu le Brevet f\u00e9d\u00e9ral de Contrema\u00eetre en octobre 2022.<\/p>\n<p style=\"text-align: justify;\">En janvier 2023, il a \u00e9galement suivi la formation de formateur pour les apprentis.<\/p>\n<p style=\"text-align: justify;\">Il est l&rsquo;electron libre de l&rsquo;\u00e9quipe. Il taille \u00e0 l&rsquo;atelier autant qu&rsquo;il pose sur les chantiers, puis troc son pantalon de travail pour passer derri\u00e8re le bureau et dessiner les plans.<\/p>\n<p>[\/et_pb_team_member][\/et_pb_column][et_pb_column type=\u00a0\u00bb1_4&Prime; _builder_version=\u00a0\u00bb4.18.0&Prime; _module_preset=\u00a0\u00bbdefault\u00a0\u00bb global_colors_info=\u00a0\u00bb{}\u00a0\u00bb][et_pb_team_member name=\u00a0\u00bbSimon Monnier\u00a0\u00bb position=\u00a0\u00bbCharpentier CFC\u00a0\u00bb _builder_version=\u00a0\u00bb4.27.4&Prime; _module_preset=\u00a0\u00bbdefault\u00a0\u00bb global_colors_info=\u00a0\u00bb{}\u00a0\u00bb]<\/p>\n<p style=\"text-align: justify;\">Simon a d\u00e9but\u00e9 sa carri\u00e8re de charpentier CFC en 2009. D\u00e9sireux de pouvoir transmettre la passion du m\u00e9tier aux jeunes, il a suivi la formation de formateur pour les apprentis et a obtenu son papier en 2014.<\/p>\n<p style=\"text-align: justify;\">Simon est minutieux et discret, mais ne manque pas d&rsquo;humour lorsque l&rsquo;occasion se pr\u00e9sente. Une fois lanc\u00e9, s&rsquo;il se l\u00e2che, c&rsquo;est un vrai moulin \u00e0 parole plus rien ne l&rsquo;arr\u00eate.<\/p>\n<p>[\/et_pb_team_member][\/et_pb_column][et_pb_column type=\u00a0\u00bb1_4&Prime; _builder_version=\u00a0\u00bb4.24.2&Prime; _module_preset=\u00a0\u00bbdefault\u00a0\u00bb global_colors_info=\u00a0\u00bb{}\u00a0\u00bb][et_pb_team_member name=\u00a0\u00bbMartin Rempe\u00a0\u00bb position=\u00a0\u00bbCharpentier CFC\u00a0\u00bb _builder_version=\u00a0\u00bb4.27.4&Prime; _module_preset=\u00a0\u00bbdefault\u00a0\u00bb global_colors_info=\u00a0\u00bb{}\u00a0\u00bb]<\/p>\n<p style=\"text-align: justify;\">Martin a d\u00e9but\u00e9 sa carri\u00e8re de Charpentier CFC en 2018. Il est passionn\u00e9 par le m\u00e9tier et aime travailler en musique. En atelier, Martin aime beaucoup chanter a tue-t\u00eate avec ses pamirs sur tous les styles de musique. Cela \u00e9gaye toute l&rsquo;\u00e9quipe et tout le monde se mets \u00e0 travailler en chantant.<\/p>\n<p style=\"text-align: justify;\">Il est le globe trotteur de l&rsquo;\u00e9quipe en p\u00e9riode hivernale.<\/p>\n<p style=\"text-align: justify;\">\n<p>&nbsp;<\/p>\n<p>[\/et_pb_team_member][\/et_pb_column][et_pb_column type=\u00a0\u00bb1_4&Prime; _builder_version=\u00a0\u00bb4.18.0&Prime; _module_preset=\u00a0\u00bbdefault\u00a0\u00bb global_colors_info=\u00a0\u00bb{}\u00a0\u00bb][et_pb_team_member name=\u00a0\u00bbNo\u00e9 Glayre\u00a0\u00bb position=\u00a0\u00bbCharpentier CFC\u00a0\u00bb _builder_version=\u00a0\u00bb4.27.4&Prime; _module_preset=\u00a0\u00bbdefault\u00a0\u00bb global_colors_info=\u00a0\u00bb{}\u00a0\u00bb]<\/p>\n<p style=\"text-align: justify;\">No\u00e9 a t\u00e9rmin\u00e9 son apprentissage en 2023 au sein de notre entreprise. Il est parti un temps travailler en suisse allemande puis voyager. Il a rejoint l&rsquo;\u00e9quipe \u00e0 son retour \u00e0 la reprise en janvier 2025. Nous sommes tr\u00e8s heureux de son retour, de son humour et de sa gentillesse. No\u00e9 est toujours pr\u00eat \u00e0 donner un coup de main que se soit au travail ou durant son temps libre.<\/p>\n<p>[\/et_pb_team_member][\/et_pb_column][\/et_pb_row][et_pb_row column_structure=\u00a0\u00bb1_3,1_3,1_3&Prime; _builder_version=\u00a0\u00bb4.27.4&Prime; _module_preset=\u00a0\u00bbdefault\u00a0\u00bb global_colors_info=\u00a0\u00bb{}\u00a0\u00bb][et_pb_column type=\u00a0\u00bb1_3&Prime; _builder_version=\u00a0\u00bb4.18.0&Prime; _module_preset=\u00a0\u00bbdefault\u00a0\u00bb global_colors_info=\u00a0\u00bb{}\u00a0\u00bb][et_pb_team_member name=\u00a0\u00bbAntoine Guimas\u00a0\u00bb position=\u00a0\u00bbCharpentier \u00a0\u00bb _builder_version=\u00a0\u00bb4.27.4&Prime; _module_preset=\u00a0\u00bbdefault\u00a0\u00bb global_colors_info=\u00a0\u00bb{}\u00a0\u00bb]<\/p>\n<p style=\"text-align: justify;\">Antoine fait partie de l&rsquo;\u00e9quipe depuis le d\u00e9but d&rsquo;Univers bois mais connait une bonne partie d&rsquo;entre nous depuis bien plus longtemps. Au fil du temps, il a souhait\u00e9 baisser son pourcentage et il est le renfort de l&rsquo;\u00e9quipe. Durant les grosses p\u00e9riodes, il r\u00e9pond pr\u00e9sent et lorsque les chantiers se calment, il prend le large et se consacre \u00e0 d&rsquo;autres priorit\u00e9s.<\/p>\n<p style=\"text-align: justify;\">Il est de nature discr\u00e8te, aime rire et est toujours de bonne humeur.<\/p>\n<p>[\/et_pb_team_member][\/et_pb_column][et_pb_column type=\u00a0\u00bb1_3&Prime; _builder_version=\u00a0\u00bb4.18.0&Prime; _module_preset=\u00a0\u00bbdefault\u00a0\u00bb global_colors_info=\u00a0\u00bb{}\u00a0\u00bb][et_pb_team_member name=\u00a0\u00bbGavin Gapp\u00a0\u00bb position=\u00a0\u00bbCharpentier CAP\u00a0\u00bb _builder_version=\u00a0\u00bb4.27.4&Prime; _module_preset=\u00a0\u00bbdefault\u00a0\u00bb global_colors_info=\u00a0\u00bb{}\u00a0\u00bb]<\/p>\n<p style=\"text-align: justify;\">Gavin a obtenu son papier en juillet 2022 et a commenc\u00e9 chez nous en premier lieu comme temporaire durant quelques mois. Etant tr\u00e8s satisfait de son travail nous ne l&rsquo;avons plus laisser repartir.<\/p>\n<p style=\"text-align: justify;\">Gavin a ce don particulier d&rsquo;\u00eatre toujours tr\u00e8s jovial et positif malgr\u00e9 les matins plus difficile que d&rsquo;autres lorsque se coucher le soir s&rsquo;approche dangereusement de l&rsquo;heure du r\u00e9veil du lendemain, cela ne g\u00e2che pas son enthousiasme et sa bonne humeur. Il arrive \u00e0 motiver les troupes \u00e0 d\u00e9buter la journ\u00e9e dans la joie et avec le sourire.<\/p>\n<p>[\/et_pb_team_member][\/et_pb_column][et_pb_column type=\u00a0\u00bb1_3&Prime; _builder_version=\u00a0\u00bb4.24.2&Prime; _module_preset=\u00a0\u00bbdefault\u00a0\u00bb global_colors_info=\u00a0\u00bb{}\u00a0\u00bb][et_pb_team_member name=\u00a0\u00bbMihai Bargaoana \u00a0\u00bb position=\u00a0\u00bbAide charpentier\u00a0\u00bb _builder_version=\u00a0\u00bb4.27.4&Prime; _module_preset=\u00a0\u00bbdefault\u00a0\u00bb global_colors_info=\u00a0\u00bb{}\u00a0\u00bb]<\/p>\n<p style=\"text-align: justify;\">Mihai a rejoint l&rsquo;\u00e9quipe en novembre 2024. Sa motivation et son enthousiasme est une vraie b\u00e9n\u00e9diction, ses salutations du matin sont si \u00e9n\u00e9rgiques que cela charge les batteries \u00e0 tous instantan\u00e9ment. Un vrai booster.<\/p>\n<p style=\"text-align: justify;\">La langue fran\u00e7aise n&rsquo;est pas encore totalement acquise pour lui mais cela n&rsquo;est pas une barri\u00e8re pour profiter des moments entre coll\u00e8gues en fin de journ\u00e9e. Cela nous permet \u00e9galement \u00e0 tous de r\u00e9viser notre anglais.<\/p>\n<p>[\/et_pb_team_member][\/et_pb_column][\/et_pb_row][et_pb_row _builder_version=\u00a0\u00bb4.27.4&Prime; _module_preset=\u00a0\u00bbdefault\u00a0\u00bb global_colors_info=\u00a0\u00bb{}\u00a0\u00bb][et_pb_column type=\u00a0\u00bb4_4&Prime; _builder_version=\u00a0\u00bb4.27.4&Prime; _module_preset=\u00a0\u00bbdefault\u00a0\u00bb global_colors_info=\u00a0\u00bb{}\u00a0\u00bb][et_pb_text _builder_version=\u00a0\u00bb4.27.4&Prime; _module_preset=\u00a0\u00bbdefault\u00a0\u00bb border_width_bottom=\u00a0\u00bb1px\u00a0\u00bb global_colors_info=\u00a0\u00bb{}\u00a0\u00bb]<\/p>\n<h3><strong>Nos apprentis:<\/strong><\/h3>\n<p>[\/et_pb_text][\/et_pb_column][\/et_pb_row][et_pb_row column_structure=\u00a0\u00bb1_4,1_4,1_4,1_4&Prime; _builder_version=\u00a0\u00bb4.21.0&Prime; _module_preset=\u00a0\u00bbdefault\u00a0\u00bb global_colors_info=\u00a0\u00bb{}\u00a0\u00bb][et_pb_column type=\u00a0\u00bb1_4&Prime; _builder_version=\u00a0\u00bb4.21.0&Prime; _module_preset=\u00a0\u00bbdefault\u00a0\u00bb global_colors_info=\u00a0\u00bb{}\u00a0\u00bb][et_pb_team_member name=\u00a0\u00bbRaoul Schneeberger\u00a0\u00bb position=\u00a0\u00bbApprenti charpentier\u00a0\u00bb _builder_version=\u00a0\u00bb4.27.4&Prime; _module_preset=\u00a0\u00bbdefault\u00a0\u00bb hover_enabled=\u00a0\u00bb0&Prime; global_colors_info=\u00a0\u00bb{}\u00a0\u00bb sticky_enabled=\u00a0\u00bb0&Prime;]<\/p>\n<p style=\"text-align: justify;\">Raoul a d\u00e9but\u00e9 chez Univers bois le 1er ao\u00fbt 2023. Il est apprenti de 2\u00e8me ann\u00e9e.<\/p>\n<p style=\"text-align: justify;\">Raoul adore parler, pas besoin de radio lorsqu&rsquo;on travail avec lui. Il met beaucoup de coeur \u00e0 l&rsquo;ouvrage et donne le meilleur de lui-m\u00eame.<\/p>\n<p style=\"text-align: justify;\">Il a toujours mille et une id\u00e9es folles qui parfois aboutissent a de grandes r\u00e9ussites et d&rsquo;autres qu&rsquo;il faut encore peaufiner.<\/p>\n<p>[\/et_pb_team_member][\/et_pb_column][et_pb_column type=\u00a0\u00bb1_4&Prime; _builder_version=\u00a0\u00bb4.27.4&Prime; _module_preset=\u00a0\u00bbdefault\u00a0\u00bb global_colors_info=\u00a0\u00bb{}\u00a0\u00bb][et_pb_team_member name=\u00a0\u00bbJustin Stern\u00a0\u00bb position=\u00a0\u00bbApprenti charpentier\u00a0\u00bb _builder_version=\u00a0\u00bb4.27.4&Prime; _module_preset=\u00a0\u00bbdefault\u00a0\u00bb hover_enabled=\u00a0\u00bb0&Prime; global_colors_info=\u00a0\u00bb{}\u00a0\u00bb sticky_enabled=\u00a0\u00bb0&Prime; locked=\u00a0\u00bboff\u00a0\u00bb]<\/p>\n<p style=\"text-align: justify;\">Justin a d\u00e9but\u00e9 chez Univers bois le 1er ao\u00fbt 2025. Il est apprenti de 1\u00e8re ann\u00e9e.<\/p>\n<p style=\"text-align: justify;\">Justin montre un grand int\u00e9r\u00eat \u00e0 travailler dans le domaine et il est tr\u00e8s appliqu\u00e9. Sa motivation se voit et est tr\u00e8s appr\u00e9ci\u00e9e.\u00a0<\/p>\n<p style=\"text-align: justify;\">Nous avons plaisir \u00e0 le voir apprendre avec passion.\u00a0<\/p>\n<p>[\/et_pb_team_member][\/et_pb_column][et_pb_column type=\u00a0\u00bb1_4&Prime; _builder_version=\u00a0\u00bb4.21.0&Prime; _module_preset=\u00a0\u00bbdefault\u00a0\u00bb global_colors_info=\u00a0\u00bb{}\u00a0\u00bb][\/et_pb_column][et_pb_column type=\u00a0\u00bb1_4&Prime; _builder_version=\u00a0\u00bb4.21.0&Prime; _module_preset=\u00a0\u00bbdefault\u00a0\u00bb global_colors_info=\u00a0\u00bb{}\u00a0\u00bb][\/et_pb_column][\/et_pb_row][et_pb_row _builder_version=\u00a0\u00bb4.27.4&Prime; _module_preset=\u00a0\u00bbdefault\u00a0\u00bb global_colors_info=\u00a0\u00bb{}\u00a0\u00bb][et_pb_column type=\u00a0\u00bb4_4&Prime; _builder_version=\u00a0\u00bb4.27.4&Prime; _module_preset=\u00a0\u00bbdefault\u00a0\u00bb global_colors_info=\u00a0\u00bb{}\u00a0\u00bb][et_pb_text _builder_version=\u00a0\u00bb4.27.4&Prime; _module_preset=\u00a0\u00bbdefault\u00a0\u00bb border_width_bottom=\u00a0\u00bb1px\u00a0\u00bb global_colors_info=\u00a0\u00bb{}\u00a0\u00bb]<\/p>\n<h3><strong>A l&rsquo;administration:<\/strong> <\/h3>\n<p>[\/et_pb_text][\/et_pb_column][\/et_pb_row][et_pb_row column_structure=\u00a0\u00bb1_3,1_3,1_3&Prime; _builder_version=\u00a0\u00bb4.19.0&Prime; _module_preset=\u00a0\u00bbdefault\u00a0\u00bb global_colors_info=\u00a0\u00bb{}\u00a0\u00bb][et_pb_column _builder_version=\u00a0\u00bb4.27.4&Prime; _module_preset=\u00a0\u00bbdefault\u00a0\u00bb type=\u00a0\u00bb1_3&Prime;][et_pb_team_member name=\u00a0\u00bbJo\u00eblle Charrotton\u00a0\u00bb position=\u00a0\u00bbRH\u00a0\u00bb _builder_version=\u00a0\u00bb4.27.4&Prime; _module_preset=\u00a0\u00bbdefault\u00a0\u00bb hover_enabled=\u00a0\u00bb0&Prime; global_colors_info=\u00a0\u00bb{}\u00a0\u00bb sticky_enabled=\u00a0\u00bb0&Prime;]<\/p>\n<p style=\"text-align: justify;\">Jo\u00eblle est responsable des ressources humaines et de l&rsquo;administration depuis le 1er juillet 2025.<\/p>\n<p style=\"text-align: justify;\">Elle en charge de la gestion compl\u00e8te des t\u00e2ches administratives de la soci\u00e9t\u00e9 (comptabilit\u00e9, ressources humaines, admin.).\u00a0<\/p>\n<p style=\"text-align: justify;\">Disposant d&rsquo;un brevet de sp\u00e9cialiste en ressources humaines avec plus de 20 ans d&rsquo;exp\u00e9rience dans les domaines administratifs, elle prend \u00e9norm\u00e9ment de plaisir \u00e0 travailler dans l&rsquo;entreprise.\u00a0<\/p>\n<p style=\"text-align: justify;\">\n<p style=\"text-align: justify;\">Elle ne manque pas de cr\u00e9ativit\u00e9 et elle tient une jolie page facebook ainsi que instragram <strong>Jo\u00ebcrea<\/strong>, avec des confections en fibre de verre. Vous pouvez la rencontrer sur certains march\u00e9s artisanaux ou simplement passer commande via sa page.<\/p>\n<p>[\/et_pb_team_member][\/et_pb_column][et_pb_column type=\u00a0\u00bb1_3&Prime; _builder_version=\u00a0\u00bb4.19.0&Prime; _module_preset=\u00a0\u00bbdefault\u00a0\u00bb global_colors_info=\u00a0\u00bb{}\u00a0\u00bb][\/et_pb_column][et_pb_column _builder_version=\u00a0\u00bb4.27.4&Prime; _module_preset=\u00a0\u00bbdefault\u00a0\u00bb type=\u00a0\u00bb1_3&Prime;][\/et_pb_column][\/et_pb_row][\/et_pb_section]<\/p>\n","protected":false},"excerpt":{"rendered":"<p>L&rsquo;\u00e9quipe Univers bois S\u00e0rlNotre \u00e9quipe de charpentier :Marc a d\u00e9but\u00e9 sa carri\u00e8re comme charpentier CFC en 2004 puis il a rapidement gravi les \u00e9chelons jusqu\u2019\u00e0 \u00eatre Chef d\u2019\u00e9quipe dipl\u00f4m\u00e9 en 2020. Ne s&rsquo;arr\u00eatant pas en si bon chemin, Univers bois a vu le jour\u00a0 le 1er avril 2022 sous sa direction tout en continuant les [&hellip;]<\/p>\n","protected":false},"author":2,"featured_media":0,"parent":0,"menu_order":0,"comment_status":"closed","ping_status":"closed","template":"","meta":{"_et_pb_use_builder":"on","_et_pb_old_content":"","_et_gb_content_width":"","footnotes":""},"class_list":["post-219","page","type-page","status-publish","hentry"],"_links":{"self":[{"href":"https:\/\/univers-bois.ch\/index.php\/wp-json\/wp\/v2\/pages\/219","targetHints":{"allow":["GET"]}}],"collection":[{"href":"https:\/\/univers-bois.ch\/index.php\/wp-json\/wp\/v2\/pages"}],"about":[{"href":"https:\/\/univers-bois.ch\/index.php\/wp-json\/wp\/v2\/types\/page"}],"author":[{"embeddable":true,"href":"https:\/\/univers-bois.ch\/index.php\/wp-json\/wp\/v2\/users\/2"}],"replies":[{"embeddable":true,"href":"https:\/\/univers-bois.ch\/index.php\/wp-json\/wp\/v2\/comments?post=219"}],"version-history":[{"count":35,"href":"https:\/\/univers-bois.ch\/index.php\/wp-json\/wp\/v2\/pages\/219\/revisions"}],"predecessor-version":[{"id":991,"href":"https:\/\/univers-bois.ch\/index.php\/wp-json\/wp\/v2\/pages\/219\/revisions\/991"}],"wp:attachment":[{"href":"https:\/\/univers-bois.ch\/index.php\/wp-json\/wp\/v2\/media?parent=219"}],"curies":[{"name":"wp","href":"https:\/\/api.w.org\/{rel}","templated":true}]}}